 highest common factor of w and 8.
4
Let p be (-1)/(-2)*(-6 - -16). Suppose -5*r = -2*h - 99, -p*r - 6*h = -h - 120. What is the highest common factor of r and 14?
7
Let r be (-3 - -2 - -18) + 2/(-1). What is the greatest common factor of r and 15?
15
Let g(d) be the first derivative of -3*d**2 - 5*d + 2. Let n be g(-5). Calculate the highest common factor of n and 50.
25
Let l(b) = -54*b + 4. Let t be l(-2). Calculate the greatest common factor of 16 and t.
16
Let h be (-255)/(-20) + (-3)/4. Suppose -5*t + 7 + 23 = 0. What is the highest common factor of h and t?
6
Let v be (-1 - (3 - 2)) + 135. What is the highest common factor of 19 and v?
19
Let o = -8 - 7. Let s be 5*(-2)/o*3. Suppose -3*h + k + 8 + 19 = 0, -s*k = 5*h - 56. What is the highest common divisor of h and 70?
10
Suppose f - 3*f = -20. Let d(x) = 3*x**2 - 3*x + 4. Let b be d(4). Suppose 5*p = 4*p + b. Calculate the highest common factor of f and p.
10
Suppose 5*h - 3*h = 16. Calculate the highest common factor of h and 72.
8
Let h be 5/2 + 2/(-4). Let j be 4 - (2 + -2 - -2). Let q = 4 - j. Calculate the greatest common factor of q and h.
2
Suppose 5*r - 2*r = 252. Suppose -d + 2*b + b = -42, -4*d + 5*b + 133 = 0. Let u = d + -15. Calculate the greatest common factor of u and r.
12
Let h be -2*((195/(-6))/5 + -4). Calculate the highest common divisor of h and 6.
3
Suppose 3*l = -q + 7, -q + 9 = 2*l + 3*l. Let s = 7 - l. Let h(g) = -13*g - 4. Let d be h(-4). What is the greatest common divisor of d and s?
6
Suppose -3*v + 4*v + 155 = 3*d, 4*d - 212 = 4*v. Calculate the greatest common factor of d and 17.
17
Let v = 98 - 95. Suppose -l + 2*l - 3 = 0. Calculate the greatest common divisor of v and l.
3
Let k(u) = u**3 + u**2 - u + 14. Let d be k(0). Let v be 0/((-3 + 1)*-1). Suppose -d = -a - v*a. What is the highest common divisor of a and 126?
14
Suppose r + 152 = -0*r. Let i be r/(-12) - 4/6. What is the highest common factor of 48 and i?
12
Let z = -1 + 6. Suppose -z*p + 134 = -116. Suppose 57 = 5*s - 3*f - p, s - 25 = -3*f. Calculate the greatest common divisor of s and 55.
11
Suppose 5*d + 10 = i - 0*d, -3*i - 2*d + 81 = 0. Calculate the highest common divisor of i and 5.
5
Let q = -5 - -7. Let o(s) = -2*s. Let n be o(-7). What is the greatest common factor of n and q?
2
Let h(l) = 11*l + 9. Let p be h(3). Let i(u) = -u - 4. Let f be i(-6). Let n(o) = 4*o - 2. Let z be n(f). Calculate the greatest common factor of p and z.
6
Let a = 32 + -5. What is the greatest common factor of a and 18?
9
Let u(q) = -57*q - 2. Let b be u(-2). What is the highest common divisor of 14 and b?
14
Let d be 43/3 - 4/(-6). Let k(c) = -c**2 - 17*c + 15. Let z be k(-17). Calculate the highest common divisor of d and z.
15
Let s = 2 - 7. Let m be (2/5)/(s/(-50)). Suppose 3*x - f = 1 + 15, -m*x + f + 21 = 0. Calculate the highest common divisor of 25 and x.
5
Suppose 0 = -5*w - 3 - 2. Let d(h) = -54*h**3 + h**2 + h + 1. Let p be d(w). Suppose 0 = -5*r - 72 + 182. Calculate the greatest common divisor of p and r.
11
Let p = -66 - -105. Calculate the highest common divisor of p and 312.
39
Suppose -5*h - 9 = -2*o + 5, 0 = -4*o - 5*h + 28. Calculate the highest common factor of 56 and o.
7
Let u = -11 + 16. Let q be 2/8 - (-3)/(-12). Suppose -5*d - p = -d - 85, q = -2*p + 10. What is the highest common divisor of d and u?
5
Let z(h) = -h**2 + 14*h - 6. Let f be z(13). What is the highest common divisor of f and 49?
7
Let n(s) = 2*s**2 + 8*s + 11. Let t be n(-5). Calculate the greatest common divisor of t and 7.
7
Let t be (-6)/((3/12)/1). Let h = t + 36. Let w = -54 - -78. What is the greatest common divisor of w and h?
12
Let f = 15 - 6. Suppose -2*a + 5*a = 30. Let w(s) = -s**2 + 11*s - 9. Let n be w(a). Calculate the highest common factor of f and n.
1
Let v(u) = 10*u - 1. Let n be v(1). Let j be 141/9 + (-6)/n. Calculate the highest common factor of 3 and j.
3
Let q(c) = 8*c. Let g be q(10). Suppose 0*w - 4*w + g = 0. Calculate the highest common divisor of w and 8.
4
Let r = -2 + 4. Suppose 21 = -z - 3*x, x + 47 = -0*z - r*z. Let k = -4 - z. Calculate the greatest common divisor of 4 and k.
4
Suppose 0 = -3*t + 15 + 3. What is the highest common factor of 48 and t?
6
Suppose 4*o - 8 = -4*o. Calculate the highest common divisor of o and 3.
1
Let l(u) = u + 9. Let q be l(-6). Suppose -t = -q*b + 29, t + 29 = 5*b - 18. Let p = 1 + b. Calculate the greatest common factor of 110 and p.
10
Let m(n) = n**2 - 10*n - 13. Let p be m(9). Let t be (-304)/p + (-6)/(-33). Calculate the greatest common factor of t and 42.
14
Suppose -2*q = -4*a + 6, 0*a + 21 = 5*q - a. Let o be (-2)/(-10)*3*q. Calculate the greatest common divisor of 24 and o.
3
Suppose -4*a + 45 = a. Let r be (6/a)/((-1)/3). Let g be (-27)/(-12) + r/8. Calculate the greatest common factor of 6 and g.
2
Suppose 69 = -23*u + 26*u. What is the highest common factor of u and 69?
23
Suppose 4*r - 2*r = 128. What is the greatest common factor of r and 8?
8
Let i be 2*(10/6)/(14/21). Calculate the highest common divisor of 25 and i.
5
Suppose -4*w = -6*u + u + 192, 2*u + w - 82 = 0. Suppose -3*s + 16 = -2*s. Calculate the highest common factor of u and s.
8
Let r(h) = -11*h**3 - h**2 - h. Let z be r(-1). Let o be (-614)/(-7) + 6/21. Calculate the highest common factor of o and z.
11
Suppose 22*k - 114 = 3*k. What is the highest common divisor of k and 174?
6
Let n(g) = g**3 + 9*g**2 + 6*g + 6. Let b(x) = -6*x**2 + 0*x**2 + x - x**2. Let w be b(-1). Let a be n(w). What is the highest common divisor of 55 and a?
11
Suppose -2*w + 84 = 4*w. What is the highest common divisor of 35 and w?
7
Suppose 5*c + 238 = 958. Calculate the greatest common divisor of c and 18.
18
Suppose 3*d - 4*n - 656 = 0, d + n = 93 + 135. Calculate the highest common divisor of 32 and d.
32
Let n(t) = -3*t**3 - 3*t. Let d be n(-3). What is the highest common divisor of d and 10?
10
Let g = -17 + -1. Let c be (-4)/g + 158/18. Suppose -2*x = -p + 43, -p + 5*x = -19 - 21. What is the greatest common factor of p and c?
9
Let u = 115 + -68. Suppose -303 = -2*o - u. Suppose 3*f = 5*f - 32. What is the greatest common divisor of f and o?
16
Suppose 5 = y - l - 8, -2*l + 4 = y. Let o(g) = 2*g + 7. Let m be o(4). Calculate the greatest common factor of y and m.
5
Let k(p) = -6*p. Let d be k(-5). Let b be 5*2 + (-4)/(-2). Suppose -o + b = -0*o. Calculate the highest common divisor of o and d.
6
Let r be (-3)/(6/284*1). Let w = -86 - r. Let i = 37 - 23. Calculate the highest common factor of i and w.
14
Suppose -5*x - 98 = -4*o - 594, 0 = 3*x + 5*o - 268. Calculate the highest common divisor of x and 12.
12
Suppose a + 3*a + 52 = 0. Let v(u) = -2*u - 16. Let r be v(a). What is the greatest common divisor of r and 10?
10
Let a(p) = 8*p - 3. Let w be a(3). What is the highest common factor of w and 14?
7
Let f be 2055/35 + (-2)/(-7). Suppose 2*m - 2*j = 29 - 11, -3*m - 5*j + f = 0. Let n = 67 - 28. What is the highest common divisor of n and m?
13
Suppose 37 = -2*q + 11. Let a(b) = -15*b + 5. Let m be a(q). Calculate the greatest common divisor of 25 and m.
25
Let k = -173 - -118. Let q = k + 77. Suppose r = 4*c - q, 0 = -5*c - r - 0*r + 32. Calculate the highest common factor of 18 and c.
6
Let r = 2 + -7. Let d(z) = -4*z - 14*z**2 + z**3 + 0*z - 2 + 19*z**2. Let l be d(r). What is the highest common factor of l and 54?
18
Suppose -5*d = -263 - 57. Suppose n - d = -3*f, f - 28 = -0*f + n. Suppose f = 2*m - r, -3*m - 2*m + r = -65. What is the highest common divisor of m and 98?
14
Let p be (-19)/((-266)/300)*(-1 + 8). What is the greatest common factor of 25 and p?
25
Let k = -82 - -166. Suppose 2*o = -o + 135. Suppose -r - 4*t - t + 27 = 0, t + o = 4*r. What is the greatest common divisor of k and r?
12
Let h be (2/(-4))/((-8)/288). Let i be 897/h + 2/12. Calculate the highest common divisor of i and 5.
5
Let z(h) = -h + 15. Let a be z(11). Suppose 0 = -a*w - 16, 0*w - 4*w = -5*x + 366. Suppose 2*u - 5*u = -42. What is the highest common divisor of u and x?
14
Let m = -26 - -37. Let g = 66 + -33. Calculate the highest common factor of m and g.
11
Let l = -57 - -60. Calculate the greatest common factor of 6 and l.
3
Suppose -2*w + w - 3*t + 30 = 0, -2*t + 215 = 5*w. What is the greatest c